10 a factor of 149?
False
Does 11 divide 802?
False
Is 58 a multiple of 3?
False
Does 30 divide 44160?
True
Is 25066 a multiple of 2?
True
Is 4825 a multiple of 25?
True
Is 5 a factor of 320?
True
Is 28 a factor of 56?
True
Is 5 a factor of 2200?
True
Is 15191 a multiple of 138?
False
Does 2 divide 248?
True
Is 7 a factor of 287?
True
Does 3 divide 102?
True
Is 1823 a multiple of 14?
False
Does 45 divide 675?
True
Is 305 a multiple of 61?
True
Is 4662 a multiple of 14?
True
Does 17 divide 357?
True
Is 5772 a multiple of 26?
True
Does 39 divide 41159?
False
Is 2325 a multiple of 31?
True
Is 19 a factor of 6130?
False
Is 10799 a multiple of 6?
False
Does 15 divide 566?
False
Is 5184 a multiple of 16?
True
Does 5 divide 953?
False
Is 29 a factor of 1099?
False
Is 1646 a multiple of 36?
False
Does 126 divide 955?
False
Does 52 divide 2548?
True
Is 720 a multiple of 8?
True
Does 26 divide 16926?
True
Is 135 a factor of 135?
True
Is 620 a multiple of 27?
False
Does 20 divide 100?
True
Does 217 divide 36673?
True
Is 2068 a multiple of 47?
True
Is 235 a multiple of 20?
False
Does 7 divide 169?
False
Is 38 a multiple of 2?
True
Does 24 divide 2256?
True
Does 116 divide 17038?
False
Does 4 divide 191?
False
Is 2295 a multiple of 154?
False
Is 1870 a multiple of 17?
True
Is 14 a factor of 14862?
False
Does 9 divide 16074?
True
Does 232 divide 16554?
False
Is 30654 a multiple of 245?
False
Does 29 divide 986?
True
Is 1565 a multiple of 23?
False
Is 214 a multiple of 8?
False
Does 183 divide 25437?
True
Does 15 divide 1349?
False
Is 26617 a multiple of 133?
False
Is 4 a factor of 68?
True
Does 6 divide 42?
True
Does 6 divide 846?
True
Does 40 divide 28501?
False
Is 57 a factor of 1833?
False
Does 19 divide 570?
True
Does 4 divide 6205?
False
Does 27 divide 15910?
False
Is 651 a multiple of 5?
False
Is 91 a factor of 2442?
False
Does 77 divide 1494?
False
Does 9 divide 1494?
True
Is 7 a factor of 2324?
True
Does 4 divide 1888?
True
Does 12 divide 24768?
True
Is 85 a factor of 10115?
True
Does 83 divide 166?
True
Is 27 a factor of 20007?
True
Is 17630 a multiple of 41?
True
Is 2 a factor of 1605?
False
Does 19 divide 11305?
True
Is 25079 a multiple of 34?
False
Is 12912 a multiple of 17?
False
Is 8313 a multiple of 17?
True
Is 11843 a multiple of 20?
False
Is 63014 a multiple of 49?
True
Does 10 divide 652?
False
Does 15 divide 195?
True
Is 79 a factor of 948?
True
Is 8 a factor of 1168?
True
Is 156 a multiple of 6?
True
Is 71240 a multiple of 10?
True
Is 157 a factor of 96398?
True
Is 7 a factor of 4466?
True
Is 24 a factor of 217?
False
Does 4 divide 320?
True
Does 517 divide 28952?
True
Is 64 a factor of 10880?
True
Does 12 divide 728?
False
Does 51 divide 642?
False
Is 4928 a multiple of 154?
True
Is 1845 a multiple of 9?
True
Is 6 a factor of 4524?
True
Is 931 a multiple of 49?
True
Does 18 divide 1098?
True
Is 17 a factor of 34?
True
Is 61396 a multiple of 295?
False
Is 169 a factor of 78274?
False
Is 27 a factor of 1078?
False
Does 27 divide 32443?
False
Is 133 a multiple of 7?
True
Is 20025 a multiple of 25?
True
Is 2 a factor of 56?
True
Does 12 divide 708?
True
Is 15 a factor of 7432?
False
Is 109 a factor of 35425?
True
Is 19 a factor of 37515?
False
Is 290 a factor of 133980?
True
Is 4900 a multiple of 20?
True
Is 15 a factor of 3083?
False
Is 19 a factor of 832?
False
Is 2011 a multiple of 138?
False
Does 17 divide 1013?
False
Is 7391 a multiple of 37?
False
Is 14 a factor of 221?
False
Is 20 a factor of 12600?
True
Is 2160 a multiple of 36?
True
Does 14 divide 530?
False
Is 11 a factor of 3801?
False
Is 37 a factor of 1195?
False
Does 135 divide 1755?
True
Does 146 divide 10950?
True
Does 94 divide 6247?
False
Is 39 a factor of 2926?
False
Is 1407 a multiple of 68?
False
Is 109 a factor of 29361?
False
Is 77 a factor of 57300?
False
Does 9 divide 25979?
False
Is 55608 a multiple of 21?
True
Is 87 a factor of 21001?
False
Does 4 divide 833?
False
Is 42 a factor of 11718?
True
Does 6 divide 123?
False
Is 12 a factor of 427?
False
Is 59 a factor of 1076?
False
Does 92 divide 44514?
False
Is 1863 a multiple of 45?
False
Does 11 divide 177?
False
Is 78 a factor of 9438?
True
Is 50784 a multiple of 92?
True
Is 12044 a multiple of 102?
False
Does 29 divide 522?
True
Does 33 divide 2739?
True
Does 68 divide 9180?
True
Is 4 a factor of 6058?
False
Is 1850 a multiple of 2?
True
Is 147 a multiple of 14?
False
Does 88 divide 1147?
False
Is 15879 a multiple of 156?
False
Does 10 divide 1460?
True
Is 8710 a multiple of 10?
True
Is 532 a multiple of 28?
True
Is 3 a factor of 619?
False
Is 130 a factor of 5200?
True
Does 25 divide 1600?
True
Is 392 a factor of 18032?
True
Is 258 a multiple of 6?
True
Is 47 a multiple of 43?
False
Is 11505 a multiple of 39?
True
Is 1635 a multiple of 8?
False
Is 316 a multiple of 5?
False
Is 23 a factor of 184?
True
Is 9 a factor of 813?
False
Is 30 a factor of 22208?
False
Is 231 a multiple of 11?
True
Does 51 divide 7038?
True
Is 36 a factor of 821?
False
Does 48 divide 768?
True
Is 52 a multiple of 13?
True
Does 2 divide 520?
True
Is 1625 a multiple of 2?
False
Is 14400 a multiple of 192?
True
Is 5 a factor of 203?
False
Is 16 a factor of 1584?
True
Is 135 a factor of 17955?
True
Is 13 a factor of 84448?
True
Is 6 a factor of 854?
False
Is 3643 a multiple of 36?
False
Does 64 divide 5568?
True
Is 25 a factor of 1075?
True
Does 34 divide 5604?
False
Does 194 divide 20758?
True
Is 40 a factor of 29440?
True
Does 18 divide 4248?
True
Does 4 divide 478?
False
Is 897 a multiple of 2?
False
Does 60 divide 6300?
True
Is 1040 a multiple of 7?
False
Is 150 a multiple of 30?
True
Is 988 a multiple of 52?
True
Is 14 a factor of 212?
False
Is 772 a multiple of 7?
False
Does 4 divide 9999?
False
Is 1131 a multiple of 7?
False
Is 13 a factor of 1521?
True
Is 2 a factor of 633?
False
Does 56 divide 98?
False
Is 24886 a multiple of 18?
False
Does 78 divide 1716?
True
Is 9144 a multiple of 72?
True
Is 14973 a multiple of 4?
False
Does 10 divide 3312?
False
Is 8 a factor of 288?
True
Does 13 divide 2213?
False
Does 11 divide 1804?
True
Is 21 a factor of 593?
False
Is 40 a factor of 20320?
True
Does 30 divide 1080?
True
Is 27 a factor of 2889?
True
Is 14 a factor of 2679?
False
Does 49 divide 1970?
False
Is 11699 a multiple of 131?
False
Does 36 divide 6876?
True
Does 10 divide 163?
False
Does 8 divide 616?
True
Is 440 a multiple of 58?
False
Does 11 divide 1260?
False
Is 36253 a multiple of 29?
False
Is 7 a factor of 271?
False
Does 47 divide 760?
False
Is 203 a multiple of 19?
False
Does 220 divide 2878?
False
Is 49 a factor of 1624?
False
Is 29 a factor of 569?
False
Does 8 divide 609?
False
Is 8 a multiple of 3?
False
Does 79 divide 1185?
True
Does 47 divide 1217?
False
Is 24 a factor of 10848?
True
Is 408 a multiple of 24?
True
Is 4477 a multiple of 272?
False
Is 1280 a multiple of 3?
False
Does 12 divide 9357?
False
Is 25410 a multiple of 35?
True
Does 8 divide 1760?
True
Is 13 a factor of 1118?
True
Is 41 a factor of 984?
True
Is 11 a factor of 1864?
False
Is 11 a factor of 2126?
False
Is 94086 a multiple of 18?
True
Is 43 a factor of 2864?
False
Is 3785 a multiple of 49?
False
Is 32 a factor of 7245?
False
Does 4 divide 752?
True
Is 12 a factor of 10368?
True
Is 20 a factor of 460?
True
Is 104 a factor of 14777?
False
Is 29758 a multiple of 27?
False
Is 37436 a multiple of 253?
False
Does 39 divide 70181?
False
Is 7979 a multiple of 79?
True
Does 151 divide 22197?
True
Is 19 a factor of 76?
True
Is 87 a factor of 783?
True
Is 297 a multiple of 16?
False
Is 11935 a multiple of 5?
True
Does 122 divide 10669?
False
Is 682 a multiple of 22?
True
Does 11 divide 418?
True
Is 13702 a multiple of 80?
False
Is 22 a factor of 4840?
True
Is 225 a factor of 2617?
False
Is 20 a factor of 725?
False
Is 1140 a multiple of 9?
False
Is 49 a factor of 882?
True
Is 14 a factor of 1274?
True
Does 5 divide 47?
False
Is 42 a factor of 2945?
False
Is 14 a factor of 2212?
True
Is 28615 a multiple of 153?
False
Does 12 divide 231?
False
Is 2 a factor of 130?
True
Does 29 divide 3161?
True
Is 42 a factor of 1259?
False
Does 55 divide 18800?
False
Is 44 a factor of 40216?
True
Is 64 a factor of 2684?
False
Is 68779 a multiple of 27?
False
Does 73 divide 287